2
Evaluate (1 - -5) + -8 - -1.
-1
Evaluate -7 - ((-4 - 2) + -4).
3
Evaluate 5 + (-10 - -6) + 2.
3
(19 - 14) + (-1 - 2)
2
Calculate -5 + 6 - (8 - (8 + -3)).
-2
Calculate -5 - (-3 - 2) - (2 + -9).
7
What is the value of 3 + -13 + 13 - 10?
-7
1 - (-4 + 4 + (6 - 12))
7
Evaluate -3 - -2 - (-6 + 3) - -1.
3
11 + (13 + -19 - 1)
4
What is 4 - 4 - ((-7 - -1) + 1)?
5
What is the value of (30 - 18) + -3 + -5?
4
What is 0 - ((-1 - 6) + (-3 - -5))?
5
What is (8 - 6) + -6 + (1 - 2)?
-5
Calculate (9 - (-7 + 6 - 2)) + -6.
6
Evaluate 1 + 0 + -2 - (85 + -91).
5
Evaluate 185 + -184 + (-1 - 4).
-4
What is -1 - (5 + 0 + -7)?
1
What is the value of (-2 - -6 - 0) + (-7 - -8)?
5
What is the value of 14 + -3 + -20 + 8 + 6?
5
-4 + 3 - (5 + -10 - -1)
3
Calculate -6 + 4 + -3 + 3.
-2
What is the value of (-3 - 1) + 2 + 7?
5
What is the value of -6 - (-9 + (12 - 12))?
3
What is 1 - 15 - (-20 + 6)?
0
Evaluate 8 + -4 + (-7 - -2).
-1
What is (-8 + -7 - -15) + 1 + -4?
-3
Evaluate -14 + (-1 - (-3 + -5)) - -4.
-3
What is 113 + -123 - (-1 + -2)?
-7
Calculate 2 - (2 - 1 - -1).
0
What is the value of 12 + (2 - 2 - (17 - 11))?
6
5 - (3 + -4) - 1
5
2 - (7 - 4 - 0)
-1
-6 - 2 - -9 - (2 + -1)
0
Calculate 4 + 5 + -4 + -5.
0
What is the value of 6 + -15 + 4 + (8 - -2)?
5
What is the value of 9 + -4 + (0 - 3)?
2
-4 + 13 + -9 + 6
6
Evaluate -4 + 8 - (5 + -2).
1
What is the value of (2 - (-2 - -3)) + -4 + 5?
2
What is the value of -11 + (10 - -7) + -7?
-1
Evaluate 7 - (-12 + 21 - 1).
-1
What is -1 - (-2 + 1 + -2 - -3)?
-1
What is 1 - (0 - (-3 - (2 - 1)))?
-3
What is 15 - 14 - (-2 + -1) - -3?
7
Evaluate -4 + -3 + 10 - 2.
1
Evaluate 8 + (1 + -8 - -5).
6
What is -31 + 33 + (0 - 8)?
-6
What is -9 - (-9 + (1 - 7 - -10))?
-4
Evaluate 1 + -4 + 7 + -5 + -6.
-7
8 + -6 + (1 - -2)
5
Evaluate (6 + -3 - 6) + 1 + 1.
-1
141 + -150 + -1 + 7
-3
What is (-6 - -1) + (-6 - -6 - -4)?
-1
9 + 1 + -3 + -4
3
What is -1 + (-8 - (-5 - (5 - 10)))?
-9
((11 - 5) + -1 - 0) + -10
-5
What is 11 + 5 - 9 - (0 - -14)?
-7
Calculate 24 - 22 - (-2 - 1 - 0).
5
What is (-6 - (3 - 1)) + 1?
-7
-5 - (0 + 1 - (-6 - -10))
-2
Calculate (16 - 0 - 13) + -11.
-8
Evaluate (0 - -3 - 2) + -8.
-7
Calculate 0 + 1 + (2 - 3).
0
What is the value of (12 - 8) + -10 + 3?
-3
What is the value of (1 - (-4 - (-15 - -8))) + 0?
-2
Calculate (8 - 1) + -3 - (27 + -30).
7
What is 2 - -7 - (21 + (-30 - -14))?
4
Evaluate (-18 - -5) + 7 + 2.
-4
What is the value of 6 + (2 + 1 - 7)?
2
Calculate 2 + -4 + 4 + -7 + 3.
-2
-6 + 4 + 0 + (2 - 2)
-2
What is the value of (-9 - (0 - 4)) + 9?
4
Evaluate -11 - (5 + -14 + 7).
-9
Evaluate (-3 + -1 + -1 - 1) + 2.
-4
What is the value of (-2 - -2) + 2 - (-5 - -3)?
4
Evaluate 3 + -5 + 9 + -4.
3
What is 5 - 1 - (-2 - 2)?
8
Evaluate 0 - 0 - -1 - -1.
2
What is the value of (4 - 22 - -9) + 8?
-1
-2 + (0 - (-6 - -2) - 7)
-5
Evaluate 0 + -2 + 0 + 10.
8
What is (8 - 7) + (-2 - -4)?
3
What is -14 - (7 - 25) - (1 - -2)?
1
Evaluate (-1 - 1 - (-21 - -4)) + -7.
8
Evaluate -6 + 14 + -18 - (-1 - -1).
-10
What is the value of -4 + -7 + 5 + 6?
0
Evaluate 4 + 4 + -5 + 2.
5
Evaluate -1 + 1 + 2 + -4.
-2
Calculate 0 - (-6 - 5) - 5 - 8.
-2
Calculate (-4 - 2 - 3) + 9.
0
Calculate (-5 - (8 + -9)) + 2.
-2
(1 - -5) + 193 + -192
7
Calculate -7 - (-4 + -9) - 0 - -3.
9
-1 + -9 + 3 + 4
-3
What is the value of 9 + -1 + -4 + -4 + 7?
7
What is (10 - 6) + (0 - -4) + -2?
6
What is (-60 - -61) + -3 + -1?
-3
Calculate 1 - (5 - (6 + -4)).
-2
What is -8 + 3 + -7 + 11?
-1
Evaluate (7 - (0 + 1)) + (0 - 1).
5
(13 - 1 - -2) + -9
5
(-45 - -46) + (-5 - (-6 - -3))
-1
Calculate -10 + (12 + -2 - 4).
-4
Calculate 3 + 1 + (1 - -7 - 8).
4
What is the value of -3 + (3 + 0 - (8 + -7))?
-1
-17 + 6 + -1 + -2 + 6
-8
What is 61 - 67 - (5 - 1)?
-10
4 + -4 + -4 + 6
2
What is (-2 - 4) + 1 + 7?
2
Calculate -2 - (2 - (0 - 0)) - -4.
0
What is the value of (3 - (1 - -1)) + (-63 - -59)?
-3
Evaluate (-10 - -5) + 6 + -3 - 2.
-4
Calculate -2 + (-1 - 2) + -6 + 6.
-5
16 - 3 - (-1 + 23)
-9
What is the value of (-37 - -35) + -2 + -3 - -17?
10
What is the value of 11 - (0 + (7 - 0))?
4
Evaluate -4 - 1 - (4 + (4 - 5)).
-8
Calculate 21 + -21 + -1 + -2 + -3.
-6
What is the value of 0 - (4 + -1 - 4 - 2)?
3
Calculate -5 - -1 - (16 + -8 + -10).
-2
What is (-2 - 7) + 0 - -5 - -2?
-2
What is the value of 1 + (4 - 1) - (11 + -5)?
-2
Evaluate -1 + 0 + 0 + (-1 - 0).
-2
Calculate (1 - 0) + (10 - (4 - -4)).
3
Evaluate -6 - (-5 + -9 + 1).
7
-4 - ((-10 - -4) + 3) - -5
4
Calculate 2 - (-4 - (-2 - -4)) - 2.
6
Calculate -7 + -1 + (-13 - -20).
-1
Evaluate -9 + 8 + (-5 - -3) + -2.
-5
Evaluate -1 + (1 - 3 - (-4 - 3)).
4
What is the value of 9 + (-9 - -7) + -5?
2
What is the value of 6 - (3 + 5 + -3)?
1
What is the value of 0 + 0 + (6 - (12 + -9))?
3
Calculate (90 - 84) + (-9 - 1).
-4
What is 2 + 19 + -20 + (3 - 0)?
4
What is 8 - (10 + (-9 - -6))?
1
Evaluate -7 - ((7 - 20) + 1).
5
(-4 - (-5 - -2)) + 0
-1
Calculate 0 + -2 + (0 - (4 - 7)).
1
What is -10 - (-18 - -8) - -1?
1
(1 - (4 + -1 + -3)) + 2
3
Calculate 2 + -13 + 7 + -4 + 1.
-7
Evaluate (5 - (2 - (-1 - 0))) + -3.
-1
What is -7 + (9 - (-1 - -7))?
-4
Calculate -2 - (3 + (0 - 0) - 1).
-4
What is the value of -15 + 3 + (8 - 4)?
-8
Evaluate 1 + (9 - 19 - -1).
-8
Calculate 4 - (14 - (25 - 14)).
1
What is (-8 - 4) + (5 - 1) + 10?
2
What is 2 - (-12 - (-12 + 2))?
4
Evaluate (-7 - (7 + -9)) + 10.
5
1 + 3 - (11 + (0 - 2))
-5
-1 + 4 - 4 - -3
2
Evaluate -1 + 5 + -2 + -6.
-4
Calculate (-6 - -8) + (4 + -6 - 1).
-1
Calculate -9 + 10 + (2 - 4).
-1
What is the value of 3 + -5 + (-9 - -5 - 2)?
-8
What is the value of -14 - -6 - (-4 + 0)?
-4
Evaluate -2 + (6 - -2) + -10 - -7.
3
What is the value of 7 - ((7 - 1) + 1)?
0
What is the value of -2 - (-6 - (2 - 4))?
2
Evaluate (8 - 8) + 4 + -2.
2
Calculate -2 - ((0 - -2) + -4).
0
What is -1 + -5 - -4 - -7?
5
-7 + 4 + (-1 - -4)
0
Evaluate 4 - (7 - 7 - 1).
5
Calculate (-2 - (-1 + 0)) + -4.
-5
Evaluate -2 - (12 - 12 - (4 + 2)).
4
What is -1 + (-3 - -2 - -6)?
4
Evaluate -1 - (1 + 2) - (13 + -14).
-3
Evaluate -72 + 71 - (-7 + 1).
5
What is -6 + (-2 - -6) - -2?
0
What is the value of -1 + 0 + 7 + -10 + 5?
1
4 - (-4 + (1 - (-4 + 2)))
5
What is (1 - 3) + 5 + (-8 - -1)?
-4
1 - 8 - -2 - -4
-1
What is the value of -4 + 4 - (-1 - (3 + -5))?
-1
What is the value of (5 - -2) + -15 + 14?
6
0 + 4 - 1 - (14 + -9)
-2
What is the value of (1 - 1) + -4 + -6 + 12?
2
What is 8 - (-5 + 28) - -6?
-9
What is 1 + 2 + (2 - (-3 - -4))?
4
Evaluate 3 - (-1 - (3 + -8)).
-1
Calculate -4 - 0 - (1 + (6 - 5)).
-6
What is 4 + -1 - (-16 + 25)?
-6
Calculate 2 + 2 + -9 - (-29 - -20).
4
What is (4 - (-5 + 6)) + 1?
4
What is the value of -14 - -5 - (-19 + 5)?
5
What is the value of (3 - (-1 + 2)) + 0?
2
Evaluate -1 - 7 - -6 - (-6 + -1).
5
What is the value of -5 + 2 + 2 + 13 + -8?
4
What is -1 - (8 + 1 + -8)?
-2
What is the value of -1 + 4 + (-2 - 1) - -2?
2
Calculate -6 + 5 + (-4 + 5 - -3).
3
What is the value of -20 + (9 - 0) + 5?
-6
Calculate -5 + (-4 - -7 - 1) + 4.
1
Evaluate -4 + (6 - 5 - -12).
9
What is -9 + (3 - 7) + 14?
1
What is 9 - (13 + -6 - 4)?
6
What is (-5 - (-1 + (-5 - -4))) + -2?
-5
0 - (7 - 15 - (3 + -9))
2
(-4 - -18) + (21 - 31)
4
Calculate (3 - (0 + -1)) + 14 + -19.
-1
Calculate 1 - (4 - 2) - (2 + 5).
-8
Calculate (-1 - 1) + 20 + -17 - 5.
-4
(0 - 1) + -4 + 1 - -2
-2
Calculate -4 - (-1 - -1) - -7 - 3.
0
What is -7 + 13 + -3 - -2?
5
Evaluate (-6 - -3) + 1 + 7 - 0.
5
-2 - (2 + -2 + -1)
-1
Evaluate -12 - (14 - 11 - 14).
-1
0 - 1 - (-4 + -1 - 0)
4
Calculate 5 - ((-5 - (1 - 8)) + -1).
4
Calculate -1 - (4 - 9 - 3).
7
Calculate (-5 - (-1 + -5 + 5)) + -1.
-5
Calculate -5 + (3 - (-1 + 1)) - 2.
-4
4 + 4 + -3 + (5 - 4)
6
What is 2 + (1 + 2 - 5 - -2)?
2
What is (-4 - -11) + (-7 - -2)?
2
What is -1 + (-1 - (0 + -2 + 2))?
-2
2 - -8 - 7 - (5 - -1)
-3
What is -4 + (-6 - -8 - 4) - -4?
-2
-4 + 4 + 0 + -3
-3
Evaluate 3 + -3 + (0 - 3 - 1).
-4
What is 6 + (4 + -1 + 4 - 21)?
-8
What is the value of -4 - -1 - -8 - (6 + -2)?
1
0 + (6 - 8) + -1
-3
What is 9 - 0 - 4 - 1?
4
Calculate -3 - (-12 - (-8 - 1)).
0
Calculate (3 - 0 - (9 - 4)) + 1.
-1
Evaluate 1 + (-4 - -2) - 2.
-3
Calculate (1 - (-2 - 1)) + (-46 - -40).
-2
4 + (0 + -7 - -2)
-1
(-2 - (-7 - -8)) + 6
3
Calculate (-27 - -36) + (1 - (6 + -3)).
7
What is (1 - 2 - (0 - -2)) + 0?
-3
Evaluate (1 - (-7 - -6)) + (-6 - -1).
-3
Calculate 4